{"id":5393,"date":"2026-04-08T09:01:04","date_gmt":"2026-04-08T07:01:04","guid":{"rendered":"https:\/\/www.testwp6-network.it\/acacie\/voile\/"},"modified":"2026-08-10T17:04:21","modified_gmt":"2026-08-10T15:04:21","slug":"voile","status":"publish","type":"page","link":"https:\/\/www.testwp6-network.it\/acacie\/fr\/voile\/","title":{"rendered":"Voile"},"content":{"rendered":"\t\t<div data-elementor-type=\"wp-page\" data-elementor-id=\"5393\" class=\"elementor elementor-5393 elementor-1365\" data-elementor-post-type=\"page\">\n\t\t\t\t<div class=\"elementor-element elementor-element-af2b70b e-con e-atomic-element e-flexbox-base slidertop \" data-id=\"af2b70b\" data-element_type=\"e-flexbox\" data-e-type=\"e-flexbox\" data-interaction-id=\"af2b70b\" data-e-type=\"e-flexbox\" data-id=\"af2b70b\">\n    \t\t\t<img fetchpriority=\"high\" decoding=\"async\" class=\"e-image-base top-img\" data-interaction-id=\"bdd2712\" data-e-type=\"widget\" data-id=\"bdd2712\" id=\"5163\" src=\"https:\/\/www.testwp6-network.it\/acacie\/wp-content\/uploads\/2026\/08\/daniel-stenholm-um-8u2vn6oa-unsplash-scaled.webp\" width=\"2200\" height=\"1467\" srcset=\"https:\/\/www.testwp6-network.it\/acacie\/wp-content\/uploads\/2026\/08\/daniel-stenholm-um-8u2vn6oa-unsplash-scaled.webp 2200w, https:\/\/www.testwp6-network.it\/acacie\/wp-content\/uploads\/2026\/08\/daniel-stenholm-um-8u2vn6oa-unsplash-300x200.webp 300w, https:\/\/www.testwp6-network.it\/acacie\/wp-content\/uploads\/2026\/08\/daniel-stenholm-um-8u2vn6oa-unsplash-1024x683.webp 1024w, https:\/\/www.testwp6-network.it\/acacie\/wp-content\/uploads\/2026\/08\/daniel-stenholm-um-8u2vn6oa-unsplash-768x512.webp 768w, https:\/\/www.testwp6-network.it\/acacie\/wp-content\/uploads\/2026\/08\/daniel-stenholm-um-8u2vn6oa-unsplash-1536x1024.webp 1536w, https:\/\/www.testwp6-network.it\/acacie\/wp-content\/uploads\/2026\/08\/daniel-stenholm-um-8u2vn6oa-unsplash-2048x1365.webp 2048w\" alt=\"Voilier de sport fendant les vagues avec \u00e9quipage en combinaison rouge \u00e0 l&#039;\u00eele d&#039;Elbe\"\/>\t\t\t\t\t<img decoding=\"async\" class=\"e-image-base waves waves-slider\" data-interaction-id=\"37e5edc\" data-e-type=\"widget\" data-id=\"37e5edc\" id=\"2227\" src=\"https:\/\/www.testwp6-network.it\/acacie\/wp-content\/uploads\/2026\/04\/waves-deco-scaled.webp\" width=\"2200\" height=\"502\" srcset=\"https:\/\/www.testwp6-network.it\/acacie\/wp-content\/uploads\/2026\/04\/waves-deco-scaled.webp 2200w, https:\/\/www.testwp6-network.it\/acacie\/wp-content\/uploads\/2026\/04\/waves-deco-300x68.webp 300w, https:\/\/www.testwp6-network.it\/acacie\/wp-content\/uploads\/2026\/04\/waves-deco-1024x234.webp 1024w, https:\/\/www.testwp6-network.it\/acacie\/wp-content\/uploads\/2026\/04\/waves-deco-768x175.webp 768w, https:\/\/www.testwp6-network.it\/acacie\/wp-content\/uploads\/2026\/04\/waves-deco-1536x351.webp 1536w, https:\/\/www.testwp6-network.it\/acacie\/wp-content\/uploads\/2026\/04\/waves-deco-2048x468.webp 2048w\" alt=\"Spazio bianco decorativo senza contenuto visivo rilevante\" loading=\"lazy\" \/>\t\t\n<\/div>\n<div class=\"elementor-element elementor-element-cf195d1 e-con e-atomic-element e-flexbox-base index \" data-id=\"cf195d1\" data-element_type=\"e-flexbox\" data-e-type=\"e-flexbox\" data-interaction-id=\"cf195d1\" data-e-type=\"e-flexbox\" data-id=\"cf195d1\">\n    <div class=\"elementor-element elementor-element-2a68272 e-con e-atomic-element e-flexbox-base index-content \" data-id=\"2a68272\" data-element_type=\"e-flexbox\" data-e-type=\"e-flexbox\" data-interaction-id=\"2a68272\" data-e-type=\"e-flexbox\" data-id=\"2a68272\">\n    <div class=\"elementor-element elementor-element-2e4699b e-con e-atomic-element e-flexbox-base index-testo \" data-id=\"2e4699b\" data-element_type=\"e-flexbox\" data-e-type=\"e-flexbox\" data-interaction-id=\"2e4699b\" data-e-type=\"e-flexbox\" data-id=\"2e4699b\">\n    \t\t\t<h1 data-interaction-id=\"d80577c\" class=\"h1 e-heading-base\" data-e-type=\"widget\" data-id=\"d80577c\">Voile<\/h1>\n\t\t\t\t\t<h2 data-interaction-id=\"908ad33\" class=\"h2 e-heading-base\" data-e-type=\"widget\" data-id=\"908ad33\">L'\u00e9cole de voile du Centre Nautique de Naregno<\/h2>\n\t\t\t\t<div class=\"elementor-element elementor-element-cf032aa elementor-invisible elementor-widget elementor-widget-text-editor\" data-id=\"cf032aa\" data-element_type=\"widget\" data-e-type=\"widget\" data-settings=\"{&quot;_animation&quot;:&quot;fadeInUp&quot;}\" data-widget_type=\"text-editor.default\">\n\t\t\t\t<div class=\"elementor-widget-container\">\n\t\t\t\t\t\t\t\t\t<p>Si vous aimez la mer et souhaitez la vivre de mani\u00e8re active, vous trouverez ici le cadre id\u00e9al pour vous initier \u00e0 la <strong>voile \u00e0 l&rsquo;\u00eele d&rsquo;Elbe<\/strong>.<\/p>\n<p>Sur la <strong>plage de Naregno<\/strong>, directement devant l&rsquo;\u00e9tablissement, le <strong>Centre Nautique de Naregno<\/strong> propose des espaces, des services et des cours pens\u00e9s pour ceux qui souhaitent apprendre, progresser ou simplement profiter de la mer en toute s\u00e9curit\u00e9.<br \/>La configuration naturelle de la baie et les conditions favorables rendent cette zone particuli\u00e8rement adapt\u00e9e \u00e0 la pratique de la voile et des sports nautiques, tant pour les <strong>d\u00e9butants<\/strong> que pour les <strong>navigateurs plus exp\u00e9riment\u00e9s<\/strong>.<\/p>\n<p>Vous trouverez ci-dessous toutes les informations sur l&rsquo;\u00e9cole de voile, les cours, les locations et les activit\u00e9s disponibles.<\/p>\n\t\t\t\t\t\t\t\t<\/div>\n\t\t\t\t<\/div>\n\t\t\n<\/div>\n\n<\/div>\n\n<\/div>\n<div class=\"elementor-element elementor-element-556b625 e-con e-atomic-element e-flexbox-base container-schede \" data-id=\"556b625\" data-element_type=\"e-flexbox\" data-e-type=\"e-flexbox\" data-interaction-id=\"556b625\" data-e-type=\"e-flexbox\" data-id=\"556b625\">\n    <div class=\"elementor-element elementor-element-eb4deac e-con e-atomic-element e-flexbox-base scheda scheda-half \" data-id=\"eb4deac\" data-element_type=\"e-flexbox\" data-e-type=\"e-flexbox\" data-interaction-id=\"eb4deac\" data-e-type=\"e-flexbox\" data-id=\"eb4deac\">\n    <div class=\"elementor-element elementor-element-e1e6b1e e-con e-atomic-element e-flexbox-base contenuto-scheda \" data-id=\"e1e6b1e\" data-element_type=\"e-flexbox\" data-e-type=\"e-flexbox\" data-interaction-id=\"e1e6b1e\" data-e-type=\"e-flexbox\" data-id=\"e1e6b1e\">\n    \t\t\t<h3 data-interaction-id=\"8f2685f\" class=\"titolo-con-sfondo h5 e-heading-base\" data-e-type=\"widget\" data-id=\"8f2685f\">Le Centre Nautique de Naregno<\/h3>\n\t\t\t\t<div class=\"elementor-element elementor-element-1c5c0cc elementor-widget elementor-widget-text-editor\" data-id=\"1c5c0cc\" data-element_type=\"widget\" data-e-type=\"widget\" data-widget_type=\"text-editor.default\">\n\t\t\t\t<div class=\"elementor-widget-container\">\n\t\t\t\t\t\t\t\t\t<p>Le <strong>Centre Nautique de Naregno<\/strong> s&rsquo;\u00e9tend sur <strong>3 000 m\u00b2 de terrain priv\u00e9<\/strong>, bordant directement la plage du m\u00eame nom.<br \/>\u00c0 l&rsquo;int\u00e9rieur de l&rsquo;\u00e9tablissement, vous trouverez un <strong>secr\u00e9tariat avec terrasse<\/strong>, id\u00e9al pour se rencontrer et socialiser, un <strong>gazebo<\/strong> o\u00f9 se d\u00e9roulent les <strong>cours th\u00e9oriques<\/strong>, des <strong>entrep\u00f4ts pour le rangement du mat\u00e9riel<\/strong> et un <strong>espace d\u00e9di\u00e9 aux plus petits<\/strong>, pens\u00e9 aussi comme aire de jeux.<\/p>\n<p>La plage de Naregno se trouve aux abords de la magnifique <strong>C\u00f4te des Mouettes<\/strong>, une falaise plongeant dans la mer, prot\u00e9g\u00e9e et valoris\u00e9e par le <strong>Parc National de l&rsquo;Archipel Toscan<\/strong>.<\/p>\n<p>L&rsquo;exposition \u00e0 l&rsquo;<strong>est<\/strong> et la configuration naturelle de la baie, prot\u00e9g\u00e9e par les promontoires de <strong>Capo Focardo<\/strong> (avec son phare) \u00e0 droite et de <strong>Punta della Principessa<\/strong> \u00e0 gauche, cr\u00e9ent des conditions particuli\u00e8rement favorables.<\/p>\n<p>Cette protection naturelle abrite la plage des vents dominants de <strong>Mistral et Sirocco<\/strong>, permettant des <strong>d\u00e9parts faciles depuis la plage<\/strong> m\u00eame les jours les plus difficiles pour les \u00e9l\u00e8ves de l&rsquo;\u00e9cole de voile.<\/p>\n\t\t\t\t\t\t\t\t<\/div>\n\t\t\t\t<\/div>\n\t\t\t\t<div class=\"elementor-element elementor-element-bc9cb2a elementor-widget elementor-widget-text-editor\" data-id=\"bc9cb2a\" data-element_type=\"widget\" data-e-type=\"widget\" data-widget_type=\"text-editor.default\">\n\t\t\t\t<div class=\"elementor-widget-container\">\n\t\t\t\t\t\t\t\t\t<p><strong>Source : <\/strong>Centro Velico di Naregno<br \/><a role=\"link\" href=\"https:\/\/www.centroveliconaregno.it\/\" target=\"_blank\" rel=\"noopener\" aria-label=\"https:\/\/www.centroveliconaregno.it\/\">https:\/\/www.centroveliconaregno.it\/<\/a><\/p>\n\t\t\t\t\t\t\t\t<\/div>\n\t\t\t\t<\/div>\n\t\t\n<\/div>\n\n<\/div>\n<div class=\"elementor-element elementor-element-0dbb131 e-con e-atomic-element e-flexbox-base scheda-alt scheda scheda-half \" data-id=\"0dbb131\" data-element_type=\"e-flexbox\" data-e-type=\"e-flexbox\" data-interaction-id=\"0dbb131\" data-e-type=\"e-flexbox\" data-id=\"0dbb131\">\n    <div class=\"elementor-element elementor-element-f4272c2 e-con e-atomic-element e-flexbox-base e-f4272c2-a4e9d13 contenuto-scheda \" data-id=\"f4272c2\" data-element_type=\"e-flexbox\" data-e-type=\"e-flexbox\" data-interaction-id=\"f4272c2\" data-e-type=\"e-flexbox\" data-id=\"f4272c2\">\n    \t\t\t<h3 data-interaction-id=\"7101f18\" class=\"titolo-con-sfondo h5 e-heading-base\" data-e-type=\"widget\" data-id=\"7101f18\">\u00c9cole de voile, locations et activit\u00e9s nautiques<\/h3>\n\t\t\t\t<div class=\"elementor-element elementor-element-965b4ca elementor-widget elementor-widget-text-editor\" data-id=\"965b4ca\" data-element_type=\"widget\" data-e-type=\"widget\" data-widget_type=\"text-editor.default\">\n\t\t\t\t<div class=\"elementor-widget-container\">\n\t\t\t\t\t\t\t\t\t<p>Outre l&rsquo;<strong>\u00e9cole de voile<\/strong>, le centre propose une large gamme de <strong>services et d&rsquo;activit\u00e9s nautiques<\/strong>.<\/p>\n<p>Vous pouvez profiter de la <strong>location de diff\u00e9rents engins \u00e0 voile<\/strong>, notamment :<\/p>\n<ul>\n<li><strong>Hobie Cat<\/strong><\/li>\n<li><strong>Laser<\/strong><\/li>\n<li><strong>FY<\/strong><\/li>\n<li><strong>Windsurf<\/strong><\/li>\n<\/ul>\n<p>Des <strong>bateaux pneumatiques \u00e0 moteurs \u00e9cologiques<\/strong> sont \u00e9galement disponibles, id\u00e9aux les jours de vent faible pour explorer en autonomie la <strong>C\u00f4te des Mouettes<\/strong>, magnifique r\u00e9serve naturelle du Parc National de l&rsquo;Archipel Toscan.<\/p>\n<p>Pour vivre la mer de mani\u00e8re plus directe, vous pouvez \u00e9galement choisir :<\/p>\n<ul>\n<li>des <strong>cano\u00ebs<\/strong>, pour explorer les baies et les portions de c\u00f4te<\/li>\n<li>des <strong>v\u00e9los \u00e0 assistance \u00e9lectrique<\/strong>, pour d\u00e9couvrir l&rsquo;\u00eele et ses beaut\u00e9s par voie terrestre, en toute libert\u00e9<\/li>\n<\/ul>\n\t\t\t\t\t\t\t\t<\/div>\n\t\t\t\t<\/div>\n\t\t\t\t\t<h3 data-interaction-id=\"2ee5c84\" class=\"titolo-con-sfondo h5 e-heading-base\" data-e-type=\"widget\" data-id=\"2ee5c84\">Cours disponibles<\/h3>\n\t\t\t\t<div class=\"elementor-element elementor-element-9774816 elementor-widget elementor-widget-text-editor\" data-id=\"9774816\" data-element_type=\"widget\" data-e-type=\"widget\" data-widget_type=\"text-editor.default\">\n\t\t\t\t<div class=\"elementor-widget-container\">\n\t\t\t\t\t\t\t\t\t<ul>\n<li>\u00c9cole de <strong>Windsurf<\/strong><\/li>\n<li>\u00c9cole de <strong>Voile<\/strong><\/li>\n<li>\u00c9cole de <strong>Voile pour enfants<\/strong><\/li>\n<li>\u00c9cole de <strong>Hobie Cat et Laser<\/strong><\/li>\n<\/ul>\n<p>Avec une <strong>remise exclusive de 10 % sur tous les cours<\/strong>.<\/p>\n\t\t\t\t\t\t\t\t<\/div>\n\t\t\t\t<\/div>\n\t\t\n<\/div>\n\n<\/div>\n\n<\/div>\n\t\t<\/div>\n\t\t","protected":false},"excerpt":{"rendered":"<p>Voile L&rsquo;\u00e9cole de voile du Centre Nautique de Naregno Si vous aimez la mer et souhaitez la vivre de mani\u00e8re active, vous trouverez ici le cadre id\u00e9al pour vous initier \u00e0 la voile \u00e0 l&rsquo;\u00eele d&rsquo;Elbe. Sur la plage de Naregno, directement devant l&rsquo;\u00e9tablissement, le Centre Nautique de Naregno propose des espaces, des services et [&hellip;]<\/p>\n","protected":false},"author":2,"featured_media":0,"parent":0,"menu_order":0,"comment_status":"closed","ping_status":"closed","template":"","meta":{"_acf_changed":false,"footnotes":""},"class_list":["post-5393","page","type-page","status-publish","hentry"],"acf":[],"_links":{"self":[{"href":"https:\/\/www.testwp6-network.it\/acacie\/fr\/wp-json\/wp\/v2\/pages\/5393","targetHints":{"allow":["GET"]}}],"collection":[{"href":"https:\/\/www.testwp6-network.it\/acacie\/fr\/wp-json\/wp\/v2\/pages"}],"about":[{"href":"https:\/\/www.testwp6-network.it\/acacie\/fr\/wp-json\/wp\/v2\/types\/page"}],"author":[{"embeddable":true,"href":"https:\/\/www.testwp6-network.it\/acacie\/fr\/wp-json\/wp\/v2\/users\/2"}],"replies":[{"embeddable":true,"href":"https:\/\/www.testwp6-network.it\/acacie\/fr\/wp-json\/wp\/v2\/comments?post=5393"}],"version-history":[{"count":1,"href":"https:\/\/www.testwp6-network.it\/acacie\/fr\/wp-json\/wp\/v2\/pages\/5393\/revisions"}],"predecessor-version":[{"id":5394,"href":"https:\/\/www.testwp6-network.it\/acacie\/fr\/wp-json\/wp\/v2\/pages\/5393\/revisions\/5394"}],"wp:attachment":[{"href":"https:\/\/www.testwp6-network.it\/acacie\/fr\/wp-json\/wp\/v2\/media?parent=5393"}],"curies":[{"name":"wp","href":"https:\/\/api.w.org\/{rel}","templated":true}]}}

<div data-elementor-type="wp-page" data-elementor-id="5393" class="elementor elementor-5393 elementor-1365" data-elementor-post-type="page">
				<div class="elementor-element elementor-element-af2b70b e-con e-atomic-element e-flexbox-base slidertop " data-id="af2b70b" data-element_type="e-flexbox" data-e-type="e-flexbox" data-interaction-id="af2b70b" data-e-type="e-flexbox" data-id="af2b70b">
    			<img fetchpriority="high" decoding="async" class="e-image-base top-img" data-interaction-id="bdd2712" data-e-type="widget" data-id="bdd2712" id="5163" src="https://www.testwp6-network.it/acacie/wp-content/uploads/2026/08/daniel-stenholm-um-8u2vn6oa-unsplash-scaled.webp" width="2200" height="1467" srcset="https://www.testwp6-network.it/acacie/wp-content/uploads/2026/08/daniel-stenholm-um-8u2vn6oa-unsplash-scaled.webp 2200w, https://www.testwp6-network.it/acacie/wp-content/uploads/2026/08/daniel-stenholm-um-8u2vn6oa-unsplash-300x200.webp 300w, https://www.testwp6-network.it/acacie/wp-content/uploads/2026/08/daniel-stenholm-um-8u2vn6oa-unsplash-1024x683.webp 1024w, https://www.testwp6-network.it/acacie/wp-content/uploads/2026/08/daniel-stenholm-um-8u2vn6oa-unsplash-768x512.webp 768w, https://www.testwp6-network.it/acacie/wp-content/uploads/2026/08/daniel-stenholm-um-8u2vn6oa-unsplash-1536x1024.webp 1536w, https://www.testwp6-network.it/acacie/wp-content/uploads/2026/08/daniel-stenholm-um-8u2vn6oa-unsplash-2048x1365.webp 2048w" alt="Voilier de sport fendant les vagues avec équipage en combinaison rouge à l&#039;île d&#039;Elbe"/>					<img decoding="async" class="e-image-base waves waves-slider" data-interaction-id="37e5edc" data-e-type="widget" data-id="37e5edc" id="2227" src="https://www.testwp6-network.it/acacie/wp-content/uploads/2026/04/waves-deco-scaled.webp" width="2200" height="502" srcset="https://www.testwp6-network.it/acacie/wp-content/uploads/2026/04/waves-deco-scaled.webp 2200w, https://www.testwp6-network.it/acacie/wp-content/uploads/2026/04/waves-deco-300x68.webp 300w, https://www.testwp6-network.it/acacie/wp-content/uploads/2026/04/waves-deco-1024x234.webp 1024w, https://www.testwp6-network.it/acacie/wp-content/uploads/2026/04/waves-deco-768x175.webp 768w, https://www.testwp6-network.it/acacie/wp-content/uploads/2026/04/waves-deco-1536x351.webp 1536w, https://www.testwp6-network.it/acacie/wp-content/uploads/2026/04/waves-deco-2048x468.webp 2048w" alt="Spazio bianco decorativo senza contenuto visivo rilevante" loading="lazy" />		
</div>
<div class="elementor-element elementor-element-cf195d1 e-con e-atomic-element e-flexbox-base index " data-id="cf195d1" data-element_type="e-flexbox" data-e-type="e-flexbox" data-interaction-id="cf195d1" data-e-type="e-flexbox" data-id="cf195d1">
    <div class="elementor-element elementor-element-2a68272 e-con e-atomic-element e-flexbox-base index-content " data-id="2a68272" data-element_type="e-flexbox" data-e-type="e-flexbox" data-interaction-id="2a68272" data-e-type="e-flexbox" data-id="2a68272">
    <div class="elementor-element elementor-element-2e4699b e-con e-atomic-element e-flexbox-base index-testo " data-id="2e4699b" data-element_type="e-flexbox" data-e-type="e-flexbox" data-interaction-id="2e4699b" data-e-type="e-flexbox" data-id="2e4699b">
    			<h1 data-interaction-id="d80577c" class="h1 e-heading-base" data-e-type="widget" data-id="d80577c">Voile</h1>
					<h2 data-interaction-id="908ad33" class="h2 e-heading-base" data-e-type="widget" data-id="908ad33">L'école de voile du Centre Nautique de Naregno</h2>
				<div class="elementor-element elementor-element-cf032aa elementor-invisible elementor-widget elementor-widget-text-editor" data-id="cf032aa" data-element_type="widget" data-e-type="widget" data-settings="{&quot;_animation&quot;:&quot;fadeInUp&quot;}" data-widget_type="text-editor.default">
				<div class="elementor-widget-container">
									<p>Si vous aimez la mer et souhaitez la vivre de manière active, vous trouverez ici le cadre idéal pour vous initier à la <strong>voile à l&rsquo;île d&rsquo;Elbe</strong>.</p>
<p>Sur la <strong>plage de Naregno</strong>, directement devant l&rsquo;établissement, le <strong>Centre Nautique de Naregno</strong> propose des espaces, des services et des cours pensés pour ceux qui souhaitent apprendre, progresser ou simplement profiter de la mer en toute sécurité.<br />La configuration naturelle de la baie et les conditions favorables rendent cette zone particulièrement adaptée à la pratique de la voile et des sports nautiques, tant pour les <strong>débutants</strong> que pour les <strong>navigateurs plus expérimentés</strong>.</p>
<p>Vous trouverez ci-dessous toutes les informations sur l&rsquo;école de voile, les cours, les locations et les activités disponibles.</p>
								</div>
				</div>
		
</div>

</div>

</div>
<div class="elementor-element elementor-element-556b625 e-con e-atomic-element e-flexbox-base container-schede " data-id="556b625" data-element_type="e-flexbox" data-e-type="e-flexbox" data-interaction-id="556b625" data-e-type="e-flexbox" data-id="556b625">
    <div class="elementor-element elementor-element-eb4deac e-con e-atomic-element e-flexbox-base scheda scheda-half " data-id="eb4deac" data-element_type="e-flexbox" data-e-type="e-flexbox" data-interaction-id="eb4deac" data-e-type="e-flexbox" data-id="eb4deac">
    <div class="elementor-element elementor-element-e1e6b1e e-con e-atomic-element e-flexbox-base contenuto-scheda " data-id="e1e6b1e" data-element_type="e-flexbox" data-e-type="e-flexbox" data-interaction-id="e1e6b1e" data-e-type="e-flexbox" data-id="e1e6b1e">
    			<h3 data-interaction-id="8f2685f" class="titolo-con-sfondo h5 e-heading-base" data-e-type="widget" data-id="8f2685f">Le Centre Nautique de Naregno</h3>
				<div class="elementor-element elementor-element-1c5c0cc elementor-widget elementor-widget-text-editor" data-id="1c5c0cc" data-element_type="widget" data-e-type="widget" data-widget_type="text-editor.default">
				<div class="elementor-widget-container">
									<p>Le <strong>Centre Nautique de Naregno</strong> s&rsquo;étend sur <strong>3 000 m² de terrain privé</strong>, bordant directement la plage du même nom.<br />À l&rsquo;intérieur de l&rsquo;établissement, vous trouverez un <strong>secrétariat avec terrasse</strong>, idéal pour se rencontrer et socialiser, un <strong>gazebo</strong> où se déroulent les <strong>cours théoriques</strong>, des <strong>entrepôts pour le rangement du matériel</strong> et un <strong>espace dédié aux plus petits</strong>, pensé aussi comme aire de jeux.</p>
<p>La plage de Naregno se trouve aux abords de la magnifique <strong>Côte des Mouettes</strong>, une falaise plongeant dans la mer, protégée et valorisée par le <strong>Parc National de l&rsquo;Archipel Toscan</strong>.</p>
<p>L&rsquo;exposition à l&rsquo;<strong>est</strong> et la configuration naturelle de la baie, protégée par les promontoires de <strong>Capo Focardo</strong> (avec son phare) à droite et de <strong>Punta della Principessa</strong> à gauche, créent des conditions particulièrement favorables.</p>
<p>Cette protection naturelle abrite la plage des vents dominants de <strong>Mistral et Sirocco</strong>, permettant des <strong>départs faciles depuis la plage</strong> même les jours les plus difficiles pour les élèves de l&rsquo;école de voile.</p>
								</div>
				</div>
				<div class="elementor-element elementor-element-bc9cb2a elementor-widget elementor-widget-text-editor" data-id="bc9cb2a" data-element_type="widget" data-e-type="widget" data-widget_type="text-editor.default">
				<div class="elementor-widget-container">
									<p><strong>Source : </strong>Centro Velico di Naregno<br /><a role="link" href="https://www.centroveliconaregno.it/" target="_blank" rel="noopener" aria-label="https://www.centroveliconaregno.it/">https://www.centroveliconaregno.it/</a></p>
								</div>
				</div>
		
</div>

</div>
<div class="elementor-element elementor-element-0dbb131 e-con e-atomic-element e-flexbox-base scheda-alt scheda scheda-half " data-id="0dbb131" data-element_type="e-flexbox" data-e-type="e-flexbox" data-interaction-id="0dbb131" data-e-type="e-flexbox" data-id="0dbb131">
    <div class="elementor-element elementor-element-f4272c2 e-con e-atomic-element e-flexbox-base e-f4272c2-a4e9d13 contenuto-scheda " data-id="f4272c2" data-element_type="e-flexbox" data-e-type="e-flexbox" data-interaction-id="f4272c2" data-e-type="e-flexbox" data-id="f4272c2">
    			<h3 data-interaction-id="7101f18" class="titolo-con-sfondo h5 e-heading-base" data-e-type="widget" data-id="7101f18">École de voile, locations et activités nautiques</h3>
				<div class="elementor-element elementor-element-965b4ca elementor-widget elementor-widget-text-editor" data-id="965b4ca" data-element_type="widget" data-e-type="widget" data-widget_type="text-editor.default">
				<div class="elementor-widget-container">
									<p>Outre l&rsquo;<strong>école de voile</strong>, le centre propose une large gamme de <strong>services et d&rsquo;activités nautiques</strong>.</p>
<p>Vous pouvez profiter de la <strong>location de différents engins à voile</strong>, notamment :</p>
<ul>
<li><strong>Hobie Cat</strong></li>
<li><strong>Laser</strong></li>
<li><strong>FY</strong></li>
<li><strong>Windsurf</strong></li>
</ul>
<p>Des <strong>bateaux pneumatiques à moteurs écologiques</strong> sont également disponibles, idéaux les jours de vent faible pour explorer en autonomie la <strong>Côte des Mouettes</strong>, magnifique réserve naturelle du Parc National de l&rsquo;Archipel Toscan.</p>
<p>Pour vivre la mer de manière plus directe, vous pouvez également choisir :</p>
<ul>
<li>des <strong>canoës</strong>, pour explorer les baies et les portions de côte</li>
<li>des <strong>vélos à assistance électrique</strong>, pour découvrir l&rsquo;île et ses beautés par voie terrestre, en toute liberté</li>
</ul>
								</div>
				</div>
					<h3 data-interaction-id="2ee5c84" class="titolo-con-sfondo h5 e-heading-base" data-e-type="widget" data-id="2ee5c84">Cours disponibles</h3>
				<div class="elementor-element elementor-element-9774816 elementor-widget elementor-widget-text-editor" data-id="9774816" data-element_type="widget" data-e-type="widget" data-widget_type="text-editor.default">
				<div class="elementor-widget-container">
									<ul>
<li>École de <strong>Windsurf</strong></li>
<li>École de <strong>Voile</strong></li>
<li>École de <strong>Voile pour enfants</strong></li>
<li>École de <strong>Hobie Cat et Laser</strong></li>
</ul>
<p>Avec une <strong>remise exclusive de 10 % sur tous les cours</strong>.</p>
								</div>
				</div>
		
</div>

</div>

</div>
		</div>

<p>Voile L&rsquo;école de voile du Centre Nautique de Naregno Si vous aimez la mer et souhaitez la vivre de manière active, vous trouverez ici le cadre idéal pour vous initier à la voile à l&rsquo;île d&rsquo;Elbe. Sur la plage de Naregno, directement devant l&rsquo;établissement, le Centre Nautique de Naregno propose des espaces, des services et [&hellip;]</p>
